2*u. Suppose r - 152 = -u*n, -2*n + 895 = 4*r + 305. What is the hundreds digit of r?
1
Let k(t) = -596*t + 4540. What is the ten thousands digit of k(-18)?
1
What is the ten thousands digit of (-3648)/13376 + 1185916/22 + -1?
5
Let t = -15 - -20. Suppose -c + 112 = t*n, 41*n + 43 = 43*n + c. What is the units digit of n?
3
Suppose a - 2*d + 11 = 3*d, 3*a = -d - 1. Let l be 13 + -9 + (a - 3). Suppose -2*p + 86 + 48 = l. What is the tens digit of p?
6
Let a be 6/(-4)*(-8)/(-12) + -21. Let u(i) = i**3 + 19*i**2 + 10*i - 26. Let n be u(a). What is the tens digit of (n/(-18) + -7)*6/4?
3
Suppose 2*n - k - 35036 = 0, 50*n - 70030 = 46*n - 5*k. What is the thousands digit of n?
7
Suppose -20*y + 1170301 = 12*y + 334141. What is the ten thousands digit of y?
2
Let p = -5799 + 18155. What is the units digit of p?
6
Let r = 462 - 274. Let o(s) = 7*s**2 + 84*s - 244. Let a be o(3). Let w = r - a. What is the hundreds digit of w?
1
Let a = 825 - 507. Suppose 3*c + 0*c = 0, -3*c + a = 3*i. Suppose -f - f = -i. What is the units digit of f?
3
Let y(d) = 10*d**2 + 63*d - 2027. What is the units digit of y(33)?
2
Suppose 0 = 3*i - 19 - 8. Let u be i/3 + (0 - -12). Suppose 0*c = 3*c - u, 3*c - 845 = -5*s. What is the units digit of s?
6
Suppose -7*h + 8*h = 2*i + 7, -5*h = 4*i - 35. Suppose -h*v - 1950 = -13654. What is the tens digit of v?
7
Let q = -29715 - -43713. What is the ten thousands digit of q?
1
Suppose s + 8*s + 495 = 0. Let v = s + 133. What is the units digit of v?
8
Suppose 62798 + 42021 = 13*r. What is the tens digit of r?
6
Let s(u) be the third derivative of u**5/10 + u**4/4 + 3*u**3/2 - 4*u**2. Let v be s(-4). Suppose 0 = -3*z + v - 60. What is the units digit of z?
7
Let m = 572 + -521. Suppose -57*p = -m*p - 2172. What is the hundreds digit of p?
3
What is the units digit of 36/270 - 222776/30*-1?
6
Let f = -29 + 19. Let p(v) = 85 + 80 - 149 - 5*v. What is the units digit of p(f)?
6
Let s be ((-19206)/(-54) + (-6)/1)*-6. Let v = -381 - s. What is the tens digit of v?
1
Let b be 13*(-8)/(-14) + (-88)/(-154). Suppose -2*t = 3*t + 40. What is the tens digit of (-4)/b + (-2388)/t + -3?
9
Let b = -41 + 47. Suppose 0 = -7*q + 8*q - b. Let f(u) = u**3 - 7*u**2 + 5*u + 10. What is the units digit of f(q)?
4
Let d = 385 + -381. Suppose -d*l - 4968 + 1288 = -4*m, -915 = -m + 2*l. What is the units digit of m?
5
Let o(f) = -2*f**3 + 13*f**2 - 10*f. Let k be o(5). Suppose -3*g - 2*g = 3*b - 13, g - 5*b = k. What is the tens digit of 30/75 + 93/g?
1
What is the hundreds digit of -925*(1 - 6)/(-11*9/(-495))?
1
Suppose -9397 = -7*z + 6227. Suppose 0 = 3*c + 3*i - z, -i - 738 = -c + i. What is the units digit of c?
2
Suppose 3*d + 41 = -5*l + 11, -4*d = -l + 17. Let b(u) = -65*u + 104. What is the units digit of b(d)?
9
Suppose 406*j = 416*j - 76290. What is the tens digit of j?
2
Let g = -344 - -123. Let l = g - -340. What is the tens digit of l?
1
Let l = -31 + 18. Let n(i) = -i**2 - 10*i - 29. Let r(f) = -f**2 - 8*f - 28. Let z(q) = 4*n(q) - 3*r(q). What is the units digit of z(l)?
7
Suppose 4*w - 75 - 824 = -3*h, -4*w - 16 = 0. Suppose -c - 2*f = -h, -4*c + 1268 = -8*f + 4*f. What is the units digit of c?
3
Let u = -4614 - -36295. What is the thousands digit of u?
1
What is the ten thousands digit of ((-7112)/6 + (-6)/(-18) + -7)*-18?
2
Let q = -13641 + 24123. What is the units digit of q?
2
Let k = -308 - -191. Let b = k - -160. What is the tens digit of b?
4
Suppose 5*v = -2*q + 2*v + 58, -q = -5*v - 16. Suppose -q*g = -15*g - 4466. What is the hundreds digit of g?
4
Let y(i) = -4632*i - 2237. What is the hundreds digit of y(-4)?
2
Suppose 4*x = -5*m + 12 - 0, 0 = 2*m + 3*x - 2. Suppose -564 = -m*v + 920. What is the units digit of v?
1
Let a be (14 + -3 - 0)*1. Let y(g) = 17*g - g**2 + a*g**2 - 11*g**2. What is the tens digit of y(12)?
6
Suppose -d - 9 = -0*d + 4*x, 3*d = 2*x - 55. Let n(z) = 8*z + 32. Let o be n(d). Let r = o + 122. What is the units digit of r?
8
Let v be 8*(42/(-12) - -3). Let x(k) = -81*k + 8. What is the hundreds digit of x(v)?
3
Let n(r) = -r**3 + 57*r**2 - 51*r - 148. What is the units digit of n(28)?
0
Let n = 306 + -306. Suppose n = -0*l - 8*l + 448. What is the units digit of l?
6
Let q(w) = w**2 - 5*w + 6. Let p be (2 - (-62)/(-10))/(12/60). Let j be (-1)/((1 - -2)/p). What is the units digit of q(j)?
0
Suppose 36*n - 36 = 32*n. Let d(q) = -6*q**2 + 57*q - 7. What is the units digit of d(n)?
0
Let i(d) = 7*d**3 - 122*d**2 + 26*d + 85. What is the hundreds digit of i(19)?
5
Suppose 23225 = 51*c - 1087 - 152046. What is the units digit of c?
8
What is the ten thousands digit of (-3846050)/(-325)*(1 - -1)?
2
Let s be 1/1 + 61*5. Suppose -28*v - 19 = -u - 23*v, 3*u - 9 = -v. Suppose 5*w - s = -u*w. What is the tens digit of w?
3
Suppose -54*p + 59*p - 4085 = 0. Suppose 12 = 4*d, 3*h + p - 3139 = -5*d. What is the hundreds digit of h?
7
Suppose 5*h + 2*h = -217. Let p = h - -36. Suppose c - 115 = -p*q, 0 = -4*q + 1 + 19. What is the tens digit of c?
9
Suppose 0 = g - 0*g + 3*k + 526, 3*g + k + 1562 = 0. Let q = 752 + g. What is the units digit of q?
2
Suppose -2*c + 7*c - 8475 = 0. Suppose -j = -3*r + c, -2*r = -j - 1027 - 104. What is the hundreds digit of r?
5
Suppose 0 = -w + 3*u + 7, 6*u - 5*u = -4*w + 80. Let k(h) = 42*h + 121. What is the units digit of k(w)?
9
Suppose 2*r = -2*r - 3*c - 465, 0 = r - 3*c + 105. Let i = r - -114. Suppose -14*o + 6*o + 1616 = i. What is the units digit of o?
2
Suppose 105 = -4*y - 3*z, 0 = y - 2*z + 5 + 35. What is the units digit of y/(7 + -1)*-148?
0
Let k = -29733 - -42932. What is the thousands digit of k?
3
Let i be -2*47*1 + 2. Let o = i - -140. Let n = o - -3. What is the units digit of n?
1
Let s be 19/(-3) + 1/3. What is the units digit of 634 + 0 - (s - -14)/4?
2
Suppose 936128 + 651382 = 155*f. What is the thousands digit of f?
0
Suppose 0 = 3*k + 4*m + 97558, 4*m - 5*m = -k - 32531. What is the hundreds digit of k/(-48) - 9/(-24)?
6
Suppose -223 = 2*b - 19. What is the hundreds digit of (368/(-24))/(4/b)?
3
Let b be 2 - ((-324)/4 - 2). Suppose 2*x - 231 = -63. Let g = b - x. What is the units digit of g?
1
Let q(w) = 332*w**2 + 561*w + 23. What is the ten thousands digit of q(-8)?
1
Suppose 3*x = -9*x - 23*x + 2662450. What is the ten thousands digit of x?
7
Let i = 529 + -372. Suppose -13*b - 148 = -8*b - 4*d, 5*b - d = -i. Let a = 156 + b. What is the units digit of a?
4
Let w(y) be the third derivative of y**5/30 + 4*y**4 + 25*y**3/6 - 7*y**2. Let s(v) be the first derivative of w(v). What is the units digit of s(0)?
6
Let d(n) = 140*n**2 + 62*n + 778. What is the units digit of d(-14)?
0
Suppose 5*g - 5*j = 4*g + 23, -3*g = -2*j - 17. Suppose -z + g*o + 0*o - 17 = 0, -25 = z - 5*o. Let t(w) = -w**3 + 3*w - 6. What is the tens digit of t(z)?
0
Suppose -8*u + 35 + 13 = 0. Suppose -3*c = 3*i - u*c + 24, 2*i + 2*c = 0. What is the hundreds digit of (i + 3)/((-1)/163)?
1
Let p be (-26)/39 - 5/(-3). What is the hundreds digit of ((-1118)/p)/(-4 - -6 - 4)?
5
Let x(c) = -c - 17. Let w be x(-7). Let h be (-1)/(-2) - (-5)/w. Suppose 5*s + h*s + 5*t = 70, -t = 5*s - 74. What is the tens digit of s?
1
Let s(a) = a**3 - a**2 - 12*a + 18. Let c be s(3). Suppose 4*v - 4*g = 1412, c*g = -3*v - 5*g + 1059. What is the units digit of v?
3
Let l(x) = 548*x**2 + 1380*x - 19. What is the hundreds digit of l(-6)?
4
Suppose 8*g = -21*g + 25839. Let l = -691 + g. What is the units digit of l?
0
Let b be -5*((-21)/6 + 4)*56. Let l = 462 + b. What is the hundreds digit of l?
3
Suppose -o + 2*w - 11 = -32, 2*w - 2 = 0. Suppose 3*s + 57 = 3*x - 99, 3*x = -3*s + 138. Suppose 22*y + x = o*y. What is the tens digit of y?
4
Let m be 4/(-8) - (-1 - 4170/(-4)). Let h = -380 - m. What is the units digit of h?
2
Let i(y) = 5*y - 115. Let k be i(27). Suppose -5*q - 893 = -4*p, q + 0*p + 5*p + 167 = 0. What is the tens digit of -2 + (k/(-5) - q)?
7
Suppose -3*s - 2*s - 2*p = -1744, -2*s - 2*p = -700. Let h = -126 + s. What is the tens digit of h?
2
Suppose h = -4*i + 3 + 8, -4 = -3*i - 5*h. Suppose -x + a = -5, 8 + 14 = 4*x - i*a. What is the units digit of x?
7
Suppose 18*b - 5*b = 13. Let u be (20/5 + 97)/b. Suppose u = -2*j + 527. What is the hundreds digit of j?
2
What is the ten thousands digit of (